{"id":282,"date":"2024-07-09T03:23:29","date_gmt":"2024-07-09T03:23:29","guid":{"rendered":"https:\/\/e-konon.com\/konon\/?post_type=product&#038;p=282"},"modified":"2024-11-17T00:41:38","modified_gmt":"2024-11-17T00:41:38","slug":"cargador-inalambrico-p-iphone","status":"publish","type":"product","link":"https:\/\/e-konon.com\/konon\/product\/cargador-inalambrico-p-iphone\/","title":{"rendered":"Cargador Inalambrico P\/ iPhone"},"content":{"rendered":"<p>\u2022 El cargador es \u00fanicamente compatible con tel\u00e9fonos que admitan carga inal\u00e1mbrica o que tiene un receptor de carga inal\u00e1mbrica instalado tambi\u00e9n conocido como &#8221;Chip Qi&#8221;.<\/p>\n<p>\u2022 La carga inal\u00e1mbrica calienta los tel\u00e9fonos y el cargador, es totalmente normal. El cargador incorpora un sensor de temperatura, cuando esta sube mucho, la carga se detiene y se reanuda cuando la temperatura baja un par de grados, asi que no se preocupe si nota que su tel\u00e9fono se calienta un poco mas de lo normal.<\/p>\n<p>\u2022 Para la carga r\u00e1pida de 15W se requiere un cubo de 3A, si usa uno de menos de 3A la carga es lenta. Tambi\u00e9n considere que el cargador inalambrico da como m\u00e1ximo 15W de salida y si su tel\u00e9fono requiere mas de 15W la carga demora mas en completar un 0-100%.<\/p>\n<p>\u2022 Compatible con MagSafe iPhone 12.<br \/>\n\u2022 Compatibilidad universal. Samsung, iPhone, Huawei, Xiaomi, etc. (Solo telefonos que ya incorporan de fabrica Chip Qi o receptor de carga inalambrica). El chip se puede comprar por separado.<br \/>\n\u2022 Carga R\u00e1pida 15W. (Requiere cargador Qc. 3.0A de carga r\u00e1pida, lo vendemos por separado).<br \/>\n\u2022 Carga adaptable 5W, 7.5W, 10W y 15W seg\u00fan lo que tu tel\u00e9fono admita y requiera.<br \/>\n\u2022 No necesitas quitar la funda de tu tel\u00e9fono. Carga con la funda puesta. Hasta 5mm de GAP.<br \/>\n\u2022 Protege y evita el desgaste de tu puerto de carga.<br \/>\n\u2022 Protecci\u00f3n contra descargas el\u00e9ctricas.<br \/>\n\u2022 Protecci\u00f3n de bater\u00eda.<br \/>\n\u2022 Protecci\u00f3n contra alta temperatura. Detiene la carga cuando la temperatura sube mucho.<br \/>\n\u2022 Fabricado en aluminio aeron\u00e1utico. Ayuda a disipar el calor.<br \/>\n\u2022 Ligero, compacto, elegante y f\u00e1cil de transportar.<br \/>\n\u2022 8 Cm de di\u00e1metro.<\/p>\n","protected":false},"excerpt":{"rendered":"<p>El cargador es compatible con Qi, as\u00ed que lo puedes usar para cargar de forma inal\u00e1mbrica tu iPhone 8 o posterior y los AirPods con estuche de carga inal\u00e1mbrica, como lo har\u00edas con cualquier cargador con certificaci\u00f3n Qi.<\/p>\n<p>La alineaci\u00f3n magn\u00e9tica s\u00f3lo est\u00e1 disponible para los modelos iPhone 12 y iPhone 12 Pro.<\/p>\n","protected":false},"featured_media":287,"comment_status":"open","ping_status":"closed","template":"","meta":{"site-sidebar-layout":"default","site-content-layout":"","ast-site-content-layout":"default","site-content-style":"default","site-sidebar-style":"default","ast-global-header-display":"","ast-banner-title-visibility":"","ast-main-header-display":"","ast-hfb-above-header-display":"","ast-hfb-below-header-display":"","ast-hfb-mobile-header-display":"","site-post-title":"","ast-breadcrumbs-content":"","ast-featured-img":"","footer-sml-layout":"","theme-transparent-header-meta":"default","adv-header-id-meta":"","stick-header-meta":"","header-above-stick-meta":"","header-main-stick-meta":"","header-below-stick-meta":"","astra-migrate-meta-layouts":"set","ast-page-background-enabled":"default","ast-page-background-meta":{"desktop":{"background-color":"var(--ast-global-color-4)","background-image":"","background-repeat":"repeat","background-position":"center center","background-size":"auto","background-attachment":"scroll","background-type":"","background-media":"","overlay-type":"","overlay-color":"","overlay-opacity":"","overlay-gradient":""},"tablet":{"background-color":"","background-image":"","background-repeat":"repeat","background-position":"center center","background-size":"auto","background-attachment":"scroll","background-type":"","background-media":"","overlay-type":"","overlay-color":"","overlay-opacity":"","overlay-gradient":""},"mobile":{"background-color":"","background-image":"","background-repeat":"repeat","background-position":"center center","background-size":"auto","background-attachment":"scroll","background-type":"","background-media":"","overlay-type":"","overlay-color":"","overlay-opacity":"","overlay-gradient":""}},"ast-content-background-meta":{"desktop":{"background-color":"var(--ast-global-color-5)","background-image":"","background-repeat":"repeat","background-position":"center center","background-size":"auto","background-attachment":"scroll","background-type":"","background-media":"","overlay-type":"","overlay-color":"","overlay-opacity":"","overlay-gradient":""},"tablet":{"background-color":"var(--ast-global-color-5)","background-image":"","background-repeat":"repeat","background-position":"center center","background-size":"auto","background-attachment":"scroll","background-type":"","background-media":"","overlay-type":"","overlay-color":"","overlay-opacity":"","overlay-gradient":""},"mobile":{"background-color":"var(--ast-global-color-5)","background-image":"","background-repeat":"repeat","background-position":"center center","background-size":"auto","background-attachment":"scroll","background-type":"","background-media":"","overlay-type":"","overlay-color":"","overlay-opacity":"","overlay-gradient":""}}},"product_brand":[],"product_cat":[26],"product_tag":[],"class_list":{"0":"post-282","1":"product","2":"type-product","3":"status-publish","4":"has-post-thumbnail","6":"product_cat-theroom","7":"desktop-align-left","8":"tablet-align-left","9":"mobile-align-left","11":"first","12":"instock","13":"sold-individually","14":"taxable","15":"shipping-taxable","16":"purchasable","17":"product-type-simple"},"jetpack_sharing_enabled":true,"_links":{"self":[{"href":"https:\/\/e-konon.com\/konon\/wp-json\/wp\/v2\/product\/282","targetHints":{"allow":["GET"]}}],"collection":[{"href":"https:\/\/e-konon.com\/konon\/wp-json\/wp\/v2\/product"}],"about":[{"href":"https:\/\/e-konon.com\/konon\/wp-json\/wp\/v2\/types\/product"}],"replies":[{"embeddable":true,"href":"https:\/\/e-konon.com\/konon\/wp-json\/wp\/v2\/comments?post=282"}],"wp:featuredmedia":[{"embeddable":true,"href":"https:\/\/e-konon.com\/konon\/wp-json\/wp\/v2\/media\/287"}],"wp:attachment":[{"href":"https:\/\/e-konon.com\/konon\/wp-json\/wp\/v2\/media?parent=282"}],"wp:term":[{"taxonomy":"product_brand","embeddable":true,"href":"https:\/\/e-konon.com\/konon\/wp-json\/wp\/v2\/product_brand?post=282"},{"taxonomy":"product_cat","embeddable":true,"href":"https:\/\/e-konon.com\/konon\/wp-json\/wp\/v2\/product_cat?post=282"},{"taxonomy":"product_tag","embeddable":true,"href":"https:\/\/e-konon.com\/konon\/wp-json\/wp\/v2\/product_tag?post=282"}],"curies":[{"name":"wp","href":"https:\/\/api.w.org\/{rel}","templated":true}]}}