{"id":583,"date":"2025-05-03T16:32:47","date_gmt":"2025-05-03T16:32:47","guid":{"rendered":"https:\/\/e-konon.com\/konon\/?post_type=product&#038;p=583"},"modified":"2026-04-15T15:38:04","modified_gmt":"2026-04-15T15:38:04","slug":"belle-femme-caps","status":"publish","type":"product","link":"https:\/\/e-konon.com\/konon\/product\/belle-femme-caps\/","title":{"rendered":"Belle Femme Caps"},"content":{"rendered":"<h2>Beneficios<\/h2>\n<ul>\n<li>Poderoso antioxidante.<\/li>\n<li>Posee excelentes propiedades anti-edad y reafirmantes.<\/li>\n<li>Provoca firmeza, elasticidad e hidrataci\u00f3n en la piel.<\/li>\n<li>Previene y desvanece l\u00edneas de expresi\u00f3n y arrugas.<\/li>\n<li>Estimula la producci\u00f3n de col\u00e1geno y elastina.<\/li>\n<li>Previene el desgaste articular y regenera cart\u00edlago desgastado.<\/li>\n<li>Fortalece huesos, ligamentos, articulaciones, u\u00f1as y cabello.<\/li>\n<\/ul>\n<h2>Ingredientes<\/h2>\n<ul>\n<li>Col\u00e1geno hidrolizado<\/li>\n<li>Resveratrol<\/li>\n<li>\u00c1cido hialur\u00f3nico<\/li>\n<li>Goji<\/li>\n<li>Acai<\/li>\n<li>Cola de caballo<\/li>\n<li>Vitamina C<\/li>\n<\/ul>\n<p><strong>Sugerencias de Uso<\/strong><\/p>\n<p>Tomar 1 c\u00e1psula cada 12 horas.<\/p>\n<p>Presentaci\u00f3n Frasco con 60 c\u00e1psulas<\/p>\n","protected":false},"excerpt":{"rendered":"<h1><strong>Belle Femme Caps<\/strong><\/h1>\n<p>Como era de esperar, esta presentaci\u00f3n de Belle Femme Caps cuenta con una dosis muy concentrada de cada ingrediente. Sus componentes son esencialmente es para tu cuerpo, te ayudar\u00e1n a estar saludable. Lucir bella y radiante desde dentro por lo que es muy recomendable tenerlas siempre a la mano.<\/p>\n<p>En caso de usarse como tratamiento para combatir alg\u00fan padecimiento, t\u00f3mela por un per\u00edodo no menor a 6 meses. desde las primeras Tom\u00e1s comprobar\u00e1s sus beneficios que gradualmente ser\u00e1n m\u00e1s notables.<\/p>\n<p>Belle Femme Caps Lucir bella y Radiante desde dentro.<\/p>\n<p>El Col\u00e1geno es la prote\u00edna m\u00e1s abundante del organismo, representa entre el 20% y el 30% de las prote\u00ednas totales de un adulto. El col\u00e1geno se encuentra en la piel, los ligamentos, los tendones, los huesos, los cart\u00edlagos, los vasos sangu\u00edneos, etc. A partir de los 25 a\u00f1os el cuerpo humano pierde 1.5 % de col\u00e1geno anualmente, lo cual conlleva a acelerar el proceso de envejecimiento. Al alcanzar los 40 a\u00f1os la tasa de esta prote\u00edna ser\u00e1 un 50 % menos que en la adolescencia.<\/p>\n<p>Belle Femme Caps llego para evitar la disminuci\u00f3n de esta prote\u00edna y con ello fortalecer piel, cabello, u\u00f1as, articulaciones y m\u00e1s. Adem\u00e1s con este producto tambi\u00e9n podr\u00e1s obtener los grandes beneficios del acido hialuronico, el resveratrol y el Goji, como grandes antioxidantes.<\/p>\n","protected":false},"featured_media":584,"comment_status":"open","ping_status":"closed","template":"","meta":{"site-sidebar-layout":"default","site-content-layout":"","ast-site-content-layout":"default","site-content-style":"default","site-sidebar-style":"default","ast-global-header-display":"","ast-banner-title-visibility":"","ast-main-header-display":"","ast-hfb-above-header-display":"","ast-hfb-below-header-display":"","ast-hfb-mobile-header-display":"","site-post-title":"","ast-breadcrumbs-content":"","ast-featured-img":"","footer-sml-layout":"","theme-transparent-header-meta":"default","adv-header-id-meta":"","stick-header-meta":"","header-above-stick-meta":"","header-main-stick-meta":"","header-below-stick-meta":"","astra-migrate-meta-layouts":"set","ast-page-background-enabled":"default","ast-page-background-meta":{"desktop":{"background-color":"var(--ast-global-color-4)","background-image":"","background-repeat":"repeat","background-position":"center center","background-size":"auto","background-attachment":"scroll","background-type":"","background-media":"","overlay-type":"","overlay-color":"","overlay-opacity":"","overlay-gradient":""},"tablet":{"background-color":"","background-image":"","background-repeat":"repeat","background-position":"center center","background-size":"auto","background-attachment":"scroll","background-type":"","background-media":"","overlay-type":"","overlay-color":"","overlay-opacity":"","overlay-gradient":""},"mobile":{"background-color":"","background-image":"","background-repeat":"repeat","background-position":"center center","background-size":"auto","background-attachment":"scroll","background-type":"","background-media":"","overlay-type":"","overlay-color":"","overlay-opacity":"","overlay-gradient":""}},"ast-content-background-meta":{"desktop":{"background-color":"var(--ast-global-color-5)","background-image":"","background-repeat":"repeat","background-position":"center center","background-size":"auto","background-attachment":"scroll","background-type":"","background-media":"","overlay-type":"","overlay-color":"","overlay-opacity":"","overlay-gradient":""},"tablet":{"background-color":"var(--ast-global-color-5)","background-image":"","background-repeat":"repeat","background-position":"center center","background-size":"auto","background-attachment":"scroll","background-type":"","background-media":"","overlay-type":"","overlay-color":"","overlay-opacity":"","overlay-gradient":""},"mobile":{"background-color":"var(--ast-global-color-5)","background-image":"","background-repeat":"repeat","background-position":"center center","background-size":"auto","background-attachment":"scroll","background-type":"","background-media":"","overlay-type":"","overlay-color":"","overlay-opacity":"","overlay-gradient":""}}},"product_brand":[],"product_cat":[21],"product_tag":[],"class_list":{"0":"post-583","1":"product","2":"type-product","3":"status-publish","4":"has-post-thumbnail","6":"product_cat-jym-suplementacion","7":"desktop-align-left","8":"tablet-align-left","9":"mobile-align-left","11":"first","12":"instock","13":"taxable","14":"shipping-taxable","15":"purchasable","16":"product-type-simple"},"jetpack_sharing_enabled":true,"_links":{"self":[{"href":"https:\/\/e-konon.com\/konon\/wp-json\/wp\/v2\/product\/583","targetHints":{"allow":["GET"]}}],"collection":[{"href":"https:\/\/e-konon.com\/konon\/wp-json\/wp\/v2\/product"}],"about":[{"href":"https:\/\/e-konon.com\/konon\/wp-json\/wp\/v2\/types\/product"}],"replies":[{"embeddable":true,"href":"https:\/\/e-konon.com\/konon\/wp-json\/wp\/v2\/comments?post=583"}],"wp:featuredmedia":[{"embeddable":true,"href":"https:\/\/e-konon.com\/konon\/wp-json\/wp\/v2\/media\/584"}],"wp:attachment":[{"href":"https:\/\/e-konon.com\/konon\/wp-json\/wp\/v2\/media?parent=583"}],"wp:term":[{"taxonomy":"product_brand","embeddable":true,"href":"https:\/\/e-konon.com\/konon\/wp-json\/wp\/v2\/product_brand?post=583"},{"taxonomy":"product_cat","embeddable":true,"href":"https:\/\/e-konon.com\/konon\/wp-json\/wp\/v2\/product_cat?post=583"},{"taxonomy":"product_tag","embeddable":true,"href":"https:\/\/e-konon.com\/konon\/wp-json\/wp\/v2\/product_tag?post=583"}],"curies":[{"name":"wp","href":"https:\/\/api.w.org\/{rel}","templated":true}]}}